emainder when 31 is divided by r.
9
Let h(c) = c**2 + 11*c. Let t be h(-11). Let u(i) = -i**2 - i + 43. What is the remainder when u(t) is divided by 11?
10
Suppose -v - 151 = -2*v. Calculate the remainder when v is divided by 38.
37
Let q be 4/5*15/(-3). Calculate the remainder when 31 is divided by 0 - q - (11 + -19).
7
Suppose -102 = -2*j + 4*t, j - 273 = -4*j + 4*t. What is the remainder when 226 is divided by j?
55
Let t(r) = r**3 - 7*r**2 + 6*r - 1. Let a be (4/(-8))/((-1)/10). Let v be t(a). Let s = 0 - v. Calculate the remainder when s is divided by 8.
5
Let v(h) = -3*h. Let f be v(-1). Suppose -f*b = -0 + 24. What is the remainder when 24 is divided by 2/b - 53/(-4)?
11
Suppose -4*j + 132 - 12 = 0. What is the remainder when j is divided by 11?
8
Let z(a) = 5*a - 34. What is the remainder when z(15) is divided by 15?
11
Let x(s) = -24*s - 28. What is the remainder when 95 is divided by x(-2)?
15
Let z be (-4)/18 + (-4)/(-18). Let q = z + 7. Calculate the remainder when (-10)/((6/q)/(-3)) is divided by 18.
17
Suppose -q - 9 - 1 = 0. Let x be (-20)/6*264/q. Suppose -x = -d - d. What is the remainder when d is divided by 15?
14
Suppose -5*j + 3 - 18 = 0. What is the remainder when 23 is divided by -10*6/(-4) + j?
11
Let f(k) = 4*k**3 - 2*k**2 - 8*k + 2. Let h(r) = -9*r**3 + 4*r**2 + 17*r - 4. Let m(v) = 7*f(v) + 3*h(v). What is the remainder when 26 is divided by m(4)?
12
Suppose -3*l = q - 89, 0*q + l + 421 = 4*q. What is the remainder when q is divided by 35?
34
Let n(d) = d + 19. Calculate the remainder when n(18) is divided by 21.
16
Suppose 2*h - 3*i = 91, -5*h + 106 = 4*i - 110. Calculate the remainder when h is divided by 8.
4
Suppose 4*a + 4*s - 5*s - 606 = 0, -2*a + 2*s = -300. Suppose -2*w + 79 = h, -w = 2*h + w - a. What is the remainder when h is divided by 19?
16
Let o = -175 + 105. Let r = -38 - o. Suppose 0 = -4*s + 71 - 3. Calculate the remainder when r is divided by s.
15
Let r = 33 + -24. What is the remainder when 25 is divided by r?
7
What is the remainder when 43 is divided by 590/50 + -2*2/(-20)?
7
Suppose -11 = -3*v + 1. Suppose -v*n + 3*n = -26. Calculate the remainder when n is divided by 14.
12
Suppose 0 = -5*i + 3*t + 75, 3*t = -3*i - 13 + 58. Calculate the remainder when i is divided by 7.
1
Suppose 2*n + 0 = 22. Calculate the remainder when n is divided by 3.
2
Suppose -110 = -5*v + 3*v. Suppose -153 + v = -2*g. Let r = -42 - -59. Calculate the remainder when g is divided by r.
15
Let c = 12 + -7. What is the remainder when 17 is divided by c?
2
Suppose -a - 8 - 10 = 4*l, -3*a = -5*l - 31. Suppose -3*q = 3*b - 39, -a - 7 = -b + 3*q. Calculate the remainder when 23 is divided by b.
11
Suppose -4*l = -5*r + 585, -5*r + 3*l + 580 = -2*l. Calculate the remainder when r is divided by 42.
37
Suppose -5*g - 2 = -22. Let r(n) = n + 2. Let y be r(1). Suppose -g = -y*k + 5. What is the remainder when 8 is divided by k?
2
Suppose 5*v - 68 - 10 = -2*n, 4*v - n = 65. Let h = v + 64. Suppose 0 = -4*f - 4*d + 88, -f - 4*f = -5*d - h. Calculate the remainder when f is divided by 7.
5
Let h = -5 - -5. Suppose 2*v + 2*i = -h*i + 100, -3*v + 170 = -i. Calculate the remainder when v is divided by 19.
17
Let y = 15 - 1. What is the remainder when 24 is divided by y?
10
What is the remainder when 94 is divided by (1*(-6)/4)/((-42)/924)?
28
Suppose 2*g = -g + 15. Suppose -g*i + 8 + 32 = 0. Let j = 2 + 3. What is the remainder when i is divided by j?
3
What is the remainder when 25 is divided by 63/6*(-20)/(-15)?
11
Let k(a) = -a**3 - 4*a**2 + 5*a - 1. Let u be k(-5). Let w be 1/(3/3) - u. Suppose -6*g + w*g = -68. What is the remainder when 32 is divided by g?
15
Let d(s) = -16*s**3 + 2*s + 1. Suppose 3*c = 4*a + 13, -3*a + 2*a = -2*c + 2. Calculate the remainder when 44 is divided by d(c).
14
Let l = 35 - 59. Let i = 0 - l. Let b(m) = m**3 + 6*m**2 + 13. Calculate the remainder when i is divided by b(-6).
11
Let l(v) = -2*v + 17. Calculate the remainder when l(-5) is divided by 7.
6
Suppose -3*h - 8 = -5*m + 10, -4*h = -m - 10. Let b be m/(-8) + 2/(-8). Let j(f) = -23*f**3 - f**2 + 1. Calculate the remainder when j(b) is divided by 8.
7
Suppose -5 = 3*g - 2*g. Let c = -5 - g. Let x = c + 15. Calculate the remainder when 44 is divided by x.
14
Let t(q) = 2*q - 5. Calculate the remainder when 28 is divided by t(5).
3
Suppose -w - 2*y = 5 + 5, -4*y = 4*w + 20. Let v(g) = -3*g**2 + w + 9*g - 2 + 2*g**2. What is the remainder when v(7) is divided by 7?
5
Let n(j) = -j**3 + 2*j**2 + 4*j + 3. Let d be n(-2). Let z = 24 - d. Let t(s) = -s**2 + s + 5. Calculate the remainder when z is divided by t(0).
3
Suppose -4*a + 63 = -a. Calculate the remainder when a is divided by 9.
3
Let i = 39 + -2. Suppose 78 = 5*q - i. Calculate the remainder when 44 is divided by q.
21
Suppose 4*x = -0*a + 3*a - 71, -5*x + 32 = 2*a. What is the remainder when a is divided by (-16)/(-2) + 2/(-1)?
3
Suppose -11*z - 1 = -309. Calculate the remainder when 82 is divided by z.
26
Let s = -43 - -81. Let d be 24/(-84) + (-107)/(-7). Suppose -3*g - d = -54. Calculate the remainder when s is divided by g.
12
Let p = -12 + 7. Let z = p - -8. Suppose y + z*y = 48. What is the remainder when 34 is divided by y?
10
Let t be (-3)/9 - (-32)/6. Suppose 2 + 10 = 3*q + 4*d, -t*q - 2*d = -20. What is the remainder when 15 is divided by q?
3
What is the remainder when 9*(3 + (-42)/(-3)) is divided by 26?
23
Suppose 3*k + 2*k - 100 = 0. What is the remainder when k is divided by 1/2*(11 + 3)?
6
Let t(y) = -2*y - 5. Let q(w) = -w**2 - 13*w + 1. What is the remainder when q(-13) is divided by t(-3)?
0
What is the remainder when 31 is divided by (0 - (-4)/(-8))*-16?
7
Let k = 46 - 32. Calculate the remainder when 27 is divided by k.
13
Let p(a) be the third derivative of 13*a**5/60 - a**4/24 + 5*a**2. Let r = 0 - 1. Calculate the remainder when 41 is divided by p(r).
13
Let o = -41 + 88. What is the remainder when o is divided by 24?
23
Let h(r) = -3*r**3 + 2 + 4*r**3 + 7*r**2 - 3 - 13 + 2*r. What is the remainder when 37 is divided by h(-6)?
7
Let y(o) = -o**2 + 6*o - 4. Let u be y(5). Let k = 12 - u. What is the remainder when 41 is divided by k?
8
Let j be (1/(-2))/((-7)/14). Let y(a) = 157*a. Let g be y(j). Suppose -5*v + 43 + g = 0. What is the remainder when v is divided by 14?
12
Let w = 92 + -40. Calculate the remainder when w is divided by 18.
16
Suppose -3*j = 2*y - 93, 6*y = j + 8*y - 31. Let w(v) = 3*v**2 + 2*v. What is the remainder when j is divided by w(-2)?
7
Suppose 7*j - 150 + 31 = 0. What is the remainder when 66 is divided by j?
15
Suppose -2*w + 2 = 8. Let d = w + 4. Let k(z) = -z. Calculate the remainder when k(-2) is divided by d.
0
Suppose 2*y = -3*y. Suppose -5*a - 3*m = -392, a + 2*m - 97 + 13 = y. Suppose a = 3*q + 19. What is the remainder when 37 is divided by q?
18
Let s = -134 + 146. Calculate the remainder when s is divided by 1/((-1)/(-7) - 0).
5
Let i be 12 + (-5)/((-15)/(-6)). Let j = 12 - i. What is the remainder when j is divided by 2?
0
Let q = -12 + 32. What is the remainder when q is divided by (-28)/2*(-3)/6?
6
Let r(y) = 2*y**2 + 11*y + 33. Suppose 4*b = 15 + 9. Calculate the remainder when r(-4) is divided by b.
3
Let o(d) = d**3 + 8*d**2 + 7*d + 4. Let q be o(-7). Calculate the remainder when (q + -1)/(-9)*-66 is divided by 12.
10
Let k(v) = 5*v**2 + 5*v - 3. Let w be k(3). Suppose w = 5*t + 7. Let p = 9 + t. Calculate the remainder when p is divided by 7.
5
Suppose -3*h + 141 + 110 = t, 4*h = -2*t + 336. Calculate the remainder when h is divided by 21.
20
Let u = 12 + 32. Suppose 4*r = u - 12. What is the remainder when 22 is divided by r?
6
Let g = 15 + 17. What is the remainder when g is divided by 17?
15
Let d = 4 - 1. Suppose -3*c + 4*k + 20 = -7, d*c - 2*k = 33. Calculate the remainder when 24 is divided by c.
11
Suppose -2*a = -3*a + 29. Suppose 3*z + v + 12 = -3*v, -z = 5*v + 15. What is the remainder when a is divided by (-2)/1 + (12 - z)?
9
Let a(o) = 4*o + 1. Let l be (-28)/(-10)*10/4. Suppose -3*x - 3*u + 4 = -u, 3*u = -5*x + l. Calculate the remainder when 33 is divided by a(x).
6
Let d be 2 - (-5)/(5/24). Let m = -17 + d. What is the remainder when 34 is divided by m?
7
Suppose 0 = -0*t - 2*t + 32. What is the remainder wh